*s - 9 = d + 16, 5*s + 25 = 2*d. Let t(f) = -f**3 + 3*f**2 - f + 4. Let j be t(d). What is the greatest common factor of j and 4?
4
Let i be 4/(-18) - 444/(-54). What is the highest common factor of 280 and i?
8
Suppose 4*m - 5 = 43. Suppose j - 74 = 34. What is the greatest common factor of m and j?
12
Suppose -152 = 3*h - 350. What is the greatest common divisor of 33 and h?
33
Let v(a) = a**2 + 3*a + 4. Let u be v(-3). Let l = -68 + 66. Let d = u + l. What is the greatest common divisor of d and 8?
2
Let b = 70 - 30. Let r = b + -38. Calculate the greatest common factor of r and 22.
2
Suppose -m + 25 = -4*p, -3*p + 5*p + 72 = 4*m. Suppose -3*l = -0*l - 189. Let b = -12 + l. Calculate the greatest common divisor of b and m.
17
Let m(f) = f**3 - 4*f + 4. Let p be m(2). Suppose p*z = 246 + 414. Suppose 4*g - 5*w + w - 80 = 0, -g = w - 10. Calculate the highest common factor of z and g.
15
Let q = 13 + 2. Let k be 1 + 17/2 + (-11)/(-22). Calculate the highest common factor of q and k.
5
Let j = 622 - 358. Suppose z - 4*k - 75 = 0, 5*z - j = z + 4*k. Let x(a) = 2*a**2 - a + 1. Let y be x(2). Calculate the highest common factor of y and z.
7
Let h be (1561 - 4)/((-420)/(-96) - 4). Calculate the highest common divisor of h and 24.
24
Suppose 34*m + 2*m - 1728 = 0. Calculate the highest common divisor of 336 and m.
48
Let h(b) = 153*b**2 - b - 1. Let o be h(-1). What is the highest common factor of o and 27?
9
Suppose -a - 8 = -5*o, 5*o = 2*o - a + 8. Suppose -o*r + 168 = -3*v, 4*r - 2*v = 91 + 237. What is the highest common factor of r and 9?
9
Suppose -2*n - 31 = -0*n + 5*i, 2*i = -10. Let a(j) = -j**3 + 2*j**2 + 3*j + 4. Let y be a(n). Calculate the highest common divisor of 4 and y.
4
Suppose 0 = -254*t + 273*t - 912. Calculate the greatest common factor of t and 12.
12
Suppose -16*a + 3*a = -819. What is the greatest common factor of 42 and a?
21
Suppose -6*g - 23 = -29. What is the highest common divisor of 16 and g?
1
Let s = 88 - -46. Let n be 8/12 - s/(-6). Suppose 4*i - o - n = -0*o, 0 = 2*i + 2*o - 24. Calculate the greatest common factor of i and 49.
7
Let g be (-3 + -1)*-1*15/(-20). Let v(y) = 18*y**2 - 6. Let p be v(g). What is the greatest common factor of p and 52?
52
Let x(u) = 2*u**2 - 4*u + 1. Let s(v) = 6*v - 3. Let q be s(0). Let m be x(q). Calculate the greatest common divisor of 124 and m.
31
Let s = -14 + 10. Let x(n) = -4*n - 6. Let j be x(s). Let b = 2758 - 2743. What is the highest common divisor of j and b?
5
Let j(o) = 53*o - 37. Let y be j(2). Let l(v) = 2*v - 10. Let u be l(7). Suppose -u*a + 176 = -8. Calculate the highest common factor of a and y.
23
Let d(z) = -4*z - 12. Let t be d(-5). What is the highest common factor of t and 232?
8
Let u = 566 + -557. What is the greatest common divisor of 12 and u?
3
Let f be (-1)/((20/(-5))/(-348)). Let q = f - -178. What is the greatest common divisor of 13 and q?
13
Let a be 1*2 - (37 - 39). Calculate the highest common divisor of a and 136.
4
Suppose -96*f + 6890 = -16822. What is the highest common divisor of 38 and f?
19
Let n(s) = 3*s - 9. Let i be 16/48*(22 - 1). Let t be n(i). Calculate the greatest common divisor of t and 12.
12
Suppose 9 = 4*y - 3. Let g(w) = -93*w + 86*w - w**y + 4 + 9*w**2 - 11. Let a be g(7). What is the greatest common divisor of 6 and a?
6
Let g be (-404)/(-16) - (-4)/(-16). What is the highest common divisor of 20 and g?
5
Let h = -4 - 2. Let f(k) = -k**3 - 4*k**2 + 10*k + 8. Let z be f(h). What is the highest common divisor of 8 and z?
4
Suppose 12 + 0 = 3*h. Let j(x) = -2*x**2 + 35*x - 130. Let c be j(10). What is the highest common factor of c and h?
4
Suppose o + 2*f - 9 = -52, -40 = o + f. Let y = o + 43. What is the highest common factor of y and 18?
6
Let y = 2195 - 2035. Calculate the highest common divisor of y and 2320.
80
Let j(q) = 4 - 5*q - 3 + 0*q**2 - 2 + q**2. Let k be j(6). Suppose 4*l + c = 80, 4*c = k*l + c - 100. Calculate the highest common divisor of 10 and l.
10
Let s(k) = k**2 + 8*k + 13. Let a be s(-6). Calculate the greatest common factor of 14 and a.
1
Let d be (-4 + (-39)/(-9))*273. Let h = 42 - 16. What is the highest common divisor of h and d?
13
Let v = -4 + 2. Let b be (-2)/(v/(-3))*-5. Let h = b - 9. What is the highest common divisor of 48 and h?
6
Suppose 4*k = 5*x + 71, -5*k + 87 = -x - 7. Suppose 22*b = k*b + 93. Calculate the greatest common factor of 217 and b.
31
Let b be (1 - -3) + -5 - -52. Calculate the highest common factor of b and 17.
17
Let f be (3/2)/(3/8). Let s be (-5)/(-2) + -4*12/(-32). Suppose -s*j + 4 = -4*i + 2*i, i = 5*j - 8. Calculate the greatest common factor of i and f.
2
Let p be 8/(-3)*-12*(2 - 3). Let v be (p/(-40))/(0 + 1/55). Calculate the highest common factor of v and 110.
22
Let x = -11 - -19. Suppose -v + x + 16 = 0. Calculate the greatest common divisor of v and 3.
3
Suppose 0*g = 2*g + 4*i, 3*g - 22 = 5*i. Let p = 5 - g. What is the greatest common factor of 11 and p?
1
Let a be 4/(-10) - (-6)/15. Let m(h) = -h**2 - h + 8. Let r be m(a). Let k = 333 + -329. What is the greatest common factor of r and k?
4
Suppose -3*z + 105 = -0*z. Let v be (3747/12 - -3) + 4/(-16). What is the greatest common divisor of z and v?
35
Suppose -5*s - r + 22 = 0, -26 = -5*s - r - 2*r. Let l be 118/4 + (-6)/(-48)*s. What is the greatest common factor of l and 240?
30
Let k(h) = -h**3 + 5*h**2 + 18*h - 41. Let p be k(6). Calculate the greatest common factor of p and 1023.
31
Let a(q) = -5 + 6 - 2 + q**3 - 5*q**2 - 10*q + 10. Let y be a(7). Calculate the greatest common divisor of y and 111.
37
Suppose -4*x = -4*z - 36, x + 5*z = 2*z + 13. What is the highest common divisor of x and 155?
5
Suppose 3*w = t - 70, 4*t - 2*w + 210 = 8*t. What is the greatest common divisor of 33 and t?
11
Let n = 538 + -274. Suppose b - 4 = -5*o + 16, o = b + 4. Suppose 0*i - 432 = -5*q - 4*i, o*i - n = -3*q. What is the greatest common factor of 12 and q?
12
Let i(k) = k**3 - 25*k**2 + 101*k - 8. Let g be i(20). What is the greatest common factor of g and 444?
12
Let k be 78/(3 - 0) + -6. What is the highest common factor of 5 and k?
5
Let s(z) = -z**3 + 6*z**2 - 10*z + 4. Let i be s(4). Let x(m) = -m**3 - 6*m**2 - 17*m + 4. Let c be x(i). What is the highest common factor of 5 and c?
5
Let x be (33/2)/(4/8). Suppose -4*u + 3 - 7 = 0. Let g be 22/(-4)*(-1 + u). Calculate the greatest common factor of x and g.
11
Suppose 9*a + 2 = 10*a. Suppose -5*n = -5*o - 80, 3*o + a - 14 = 0. What is the greatest common factor of 30 and n?
10
Let w be (-744)/(-9) - 2*1/(-6). Let o = w - 23. What is the highest common factor of 90 and o?
30
Suppose -16*g + 3*g - 65 = 0. Let h = g + 15. Calculate the highest common factor of h and 30.
10
Let m be 539/(-22)*(-144)/42. Calculate the greatest common factor of m and 30.
6
Suppose 0 = -4*z + 114 + 38. Calculate the greatest common divisor of 722 and z.
38
Let g(u) be the first derivative of -u**3/3 + 10*u**2 - 21*u + 16. Let z be g(18). Calculate the highest common divisor of 25 and z.
5
Suppose -3*f + 4*o = 92, -2*o + 84 = -2*f - 5*o. Let x = f - -48. What is the greatest common factor of 24 and x?
12
Let s be 6187/(-69) + (-4)/3. Let f = s - -93. Calculate the greatest common divisor of 3 and f.
1
Suppose -2*o + 12 + 40 = 0. Let y = 58 - 12. Suppose -2*b - 4*x + y = -o, 0 = -b + 3*x + 46. Calculate the greatest common divisor of b and 60.
20
Suppose 3*l - 49 = 4*u, -77 = -5*l - 4*u + 6*u. Calculate the greatest common factor of l and 120.
15
Suppose -195*s + 188*s = -182. Calculate the highest common divisor of s and 20.
2
Let v(j) = -5*j**3 - j**2 + j + 1. Let y be v(-1). Suppose y*h - u = 51, 17 - 3 = h + u. Let w = h - -108. Calculate the highest common divisor of w and 11.
11
Suppose 2*g + f - 96 = 0, 50 = g - 2*f - 8. What is the highest common divisor of 325 and g?
25
Let l(b) = -30*b + 671. Let n be l(0). Calculate the greatest common divisor of n and 22.
11
Let p be (40/4)/(1/(-2)). Let m be (-208)/p - 6/15. Let w be (-51 - -1)/((-10)/m). What is the greatest common divisor of 10 and w?
10
Suppose -19*h = -9*h - 120. Suppose -6*j + 4*j = 4. Let p be 2 + (-46)/(2/j). Calculate the greatest common factor of h and p.
12
Let j = 479 - 440. Calculate the greatest common diviso